{"id":575,"date":"2024-03-05T07:54:14","date_gmt":"2024-03-05T06:54:14","guid":{"rendered":"https:\/\/allboutenglish.de\/?page_id=575"},"modified":"2025-02-02T15:53:15","modified_gmt":"2025-02-02T14:53:15","slug":"englischkurs-aachen-allboutenglish-aachen","status":"publish","type":"page","link":"https:\/\/allboutenglish.de\/de_de_formal\/englischkurs-aachen-allboutenglish-aachen\/","title":{"rendered":"Englischkurs Aachen &#8211; AllboutEnglish Aachen"},"content":{"rendered":"\t\t<div data-elementor-type=\"wp-page\" data-elementor-id=\"575\" class=\"elementor elementor-575\" data-elementor-post-type=\"page\">\n\t\t\t\t<div class=\"elementor-element elementor-element-467764c e-flex e-con-boxed e-con e-parent\" data-id=\"467764c\" data-element_type=\"container\" data-e-type=\"container\">\n\t\t\t\t\t<div class=\"e-con-inner\">\n\t\t<div class=\"elementor-element elementor-element-062a8b2 e-flex e-con-boxed e-con e-child\" data-id=\"062a8b2\" data-element_type=\"container\" data-e-type=\"container\" data-settings=\"{&quot;background_background&quot;:&quot;classic&quot;}\">\n\t\t\t\t\t<div class=\"e-con-inner\">\n\t\t<div class=\"elementor-element elementor-element-e92e6f5 e-con-full e-flex e-con e-child\" data-id=\"e92e6f5\" data-element_type=\"container\" data-e-type=\"container\">\n\t\t\t\t<div class=\"elementor-element elementor-element-8f3a9ac elementor-widget elementor-widget-heading\" data-id=\"8f3a9ac\" data-element_type=\"widget\" data-e-type=\"widget\" data-widget_type=\"heading.default\">\n\t\t\t\t<div class=\"elementor-widget-container\">\n\t\t\t\t\t<h1 class=\"elementor-heading-title elementor-size-default\">Englischkurs Aachen\u2013<i>AllboutEnglish<\/i> Aachen<\/h1>\t\t\t\t<\/div>\n\t\t\t\t<\/div>\n\t\t\t\t<\/div>\n\t\t<div class=\"elementor-element elementor-element-381d92b e-con-full e-flex e-con e-child\" data-id=\"381d92b\" data-element_type=\"container\" data-e-type=\"container\">\n\t\t\t\t<div class=\"elementor-element elementor-element-d07944c elementor-widget elementor-widget-shortcode\" data-id=\"d07944c\" data-element_type=\"widget\" data-e-type=\"widget\" data-widget_type=\"shortcode.default\">\n\t\t\t\t<div class=\"elementor-widget-container\">\n\t\t\t\t\t\t\t<div class=\"elementor-shortcode\"><nav aria-label=\"breadcrumbs\" class=\"rank-math-breadcrumb\"><p><span class=\"last\">Startseite<\/span><\/p><\/nav><\/div>\n\t\t\t\t\t\t<\/div>\n\t\t\t\t<\/div>\n\t\t\t\t<div class=\"elementor-element elementor-element-96ee14f elementor-search-form--skin-minimal elementor-widget elementor-widget-search-form\" data-id=\"96ee14f\" data-element_type=\"widget\" data-e-type=\"widget\" data-settings=\"{&quot;skin&quot;:&quot;minimal&quot;}\" data-widget_type=\"search-form.default\">\n\t\t\t\t<div class=\"elementor-widget-container\">\n\t\t\t\t\t\t\t<search role=\"search\">\n\t\t\t<form class=\"elementor-search-form\" action=\"https:\/\/allboutenglish.de\/de_de_formal\" method=\"get\">\n\t\t\t\t\t\t\t\t\t\t\t\t<div class=\"elementor-search-form__container\">\n\t\t\t\t\t<label class=\"elementor-screen-only\" for=\"elementor-search-form-96ee14f\">Suche<\/label>\n\n\t\t\t\t\t\t\t\t\t\t\t<div class=\"elementor-search-form__icon\">\n\t\t\t\t\t\t\t<div class=\"e-font-icon-svg-container\"><svg aria-hidden=\"true\" class=\"e-font-icon-svg e-fas-search\" viewBox=\"0 0 512 512\" xmlns=\"http:\/\/www.w3.org\/2000\/svg\"><path d=\"M505 442.7L405.3 343c-4.5-4.5-10.6-7-17-7H372c27.6-35.3 44-79.7 44-128C416 93.1 322.9 0 208 0S0 93.1 0 208s93.1 208 208 208c48.3 0 92.7-16.4 128-44v16.3c0 6.4 2.5 12.5 7 17l99.7 99.7c9.4 9.4 24.6 9.4 33.9 0l28.3-28.3c9.4-9.4 9.4-24.6.1-34zM208 336c-70.7 0-128-57.2-128-128 0-70.7 57.2-128 128-128 70.7 0 128 57.2 128 128 0 70.7-57.2 128-128 128z\"><\/path><\/svg><\/div>\t\t\t\t\t\t\t<span class=\"elementor-screen-only\">Suche<\/span>\n\t\t\t\t\t\t<\/div>\n\t\t\t\t\t\n\t\t\t\t\t<input id=\"elementor-search-form-96ee14f\" placeholder=\"Search\" class=\"elementor-search-form__input\" type=\"search\" name=\"s\" value=\"\">\n\t\t\t\t\t\n\t\t\t\t\t\n\t\t\t\t\t\t\t\t\t<\/div>\n\t\t\t<\/form>\n\t\t<\/search>\n\t\t\t\t\t\t<\/div>\n\t\t\t\t<\/div>\n\t\t\t\t<\/div>\n\t\t\t\t\t<\/div>\n\t\t\t\t<\/div>\n\t\t\t\t\t<\/div>\n\t\t\t\t<\/div>\n\t\t<div class=\"elementor-element elementor-element-558d780 e-flex e-con-boxed e-con e-parent\" data-id=\"558d780\" data-element_type=\"container\" data-e-type=\"container\">\n\t\t\t\t\t<div class=\"e-con-inner\">\n\t\t<div class=\"elementor-element elementor-element-276d6f6 e-con-full e-flex e-con e-child\" data-id=\"276d6f6\" data-element_type=\"container\" data-e-type=\"container\">\n\t\t\t\t<div class=\"elementor-element elementor-element-d7379f4 elementor-widget elementor-widget-image\" data-id=\"d7379f4\" data-element_type=\"widget\" data-e-type=\"widget\" data-widget_type=\"image.default\">\n\t\t\t\t<div class=\"elementor-widget-container\">\n\t\t\t\t\t\t\t\t\t\t\t\t\t\t\t<img fetchpriority=\"high\" decoding=\"async\" width=\"396\" height=\"396\" src=\"https:\/\/allboutenglish.de\/wp-content\/uploads\/2024\/03\/rftu-60.jpg\" class=\"attachment-large size-large wp-image-577\" alt=\"Eine typische englische rote Telefonzelle wie aus der Zeit von Sherlock Holmes vor einem wei\u00dfen \u00f6ffentlichem Geb\u00e4ude.\" srcset=\"https:\/\/allboutenglish.de\/wp-content\/uploads\/2024\/03\/rftu-60.jpg 396w, https:\/\/allboutenglish.de\/wp-content\/uploads\/2024\/03\/rftu-60-300x300.jpg 300w, https:\/\/allboutenglish.de\/wp-content\/uploads\/2024\/03\/rftu-60-150x150.jpg 150w\" sizes=\"(max-width: 396px) 100vw, 396px\" \/>\t\t\t\t\t\t\t\t\t\t\t\t\t\t\t<\/div>\n\t\t\t\t<\/div>\n\t\t\t\t<\/div>\n\t\t<div class=\"elementor-element elementor-element-350c1d8 e-con-full e-flex e-con e-child\" data-id=\"350c1d8\" data-element_type=\"container\" data-e-type=\"container\">\n\t\t\t\t<div class=\"elementor-element elementor-element-927460e elementor-widget elementor-widget-heading\" data-id=\"927460e\" data-element_type=\"widget\" data-e-type=\"widget\" data-widget_type=\"heading.default\">\n\t\t\t\t<div class=\"elementor-widget-container\">\n\t\t\t\t\t<h2 class=\"elementor-heading-title elementor-size-default\"><font style=\"vertical-align: inherit\"><font style=\"vertical-align: inherit\">Englischkurs Aachen-AllboutEnglish Aachen\n<\/font><\/font><\/h2>\t\t\t\t<\/div>\n\t\t\t\t<\/div>\n\t\t\t\t<div class=\"elementor-element elementor-element-c02cd8c elementor-widget elementor-widget-text-editor\" data-id=\"c02cd8c\" data-element_type=\"widget\" data-e-type=\"widget\" data-widget_type=\"text-editor.default\">\n\t\t\t\t<div class=\"elementor-widget-container\">\n\t\t\t\t\t\t\t\t\t<p>Sie suchen einen Englischkurs in Aachen und Umgebung?<\/p><p>Dann sind Sie bei <em>AllboutEnglish<\/em> genau richtig. Wir bieten Sprachkurse in Englisch f\u00fcr den t\u00e4glichen Gebrauch, Wirtschaftsenglisch (Business English), Englisch f\u00fcr die Wissenschaft, um nur einige Gebiete zu nennen. Anf\u00e4nger, Fortgeschrittene und Fachleute sind herzlich bei uns willkommen &#8211; sei es in Firmen oder Einzelkunden.<\/p><p>St\u00f6bern Sie doch einfach ein bisschen auf unserer Seite und \u00fcberzeugen Sie sich von unseren Leistungen. Wenn Sie das Richtige gefunden haben dann nehmen Sie einfach <a href=\"https:\/\/allboutenglish.de\/kontakt\/\">Kontakt<\/a> zu uns auf und lassen Sie sich ein individuelles Angebot von <em>AllboutEnglish<\/em> erstellen.<\/p><p>Wir bieten Englischunterricht abgestimmt auf spezielle Bed\u00fcrfnisse und sehr individuell f\u00fcr die jeweilige Gruppe oder auch Einzelteilnehmer.<\/p>\t\t\t\t\t\t\t\t<\/div>\n\t\t\t\t<\/div>\n\t\t\t\t<\/div>\n\t\t\t\t\t<\/div>\n\t\t\t\t<\/div>\n\t\t<div class=\"elementor-element elementor-element-c2ec1c8 e-flex e-con-boxed e-con e-parent\" data-id=\"c2ec1c8\" data-element_type=\"container\" data-e-type=\"container\">\n\t\t\t\t\t<div class=\"e-con-inner\">\n\t\t\t\t<div class=\"elementor-element elementor-element-4c18035 elementor-widget elementor-widget-text-editor\" data-id=\"4c18035\" data-element_type=\"widget\" data-e-type=\"widget\" data-widget_type=\"text-editor.default\">\n\t\t\t\t<div class=\"elementor-widget-container\">\n\t\t\t\t\t\t\t\t\t<p><strong>Unsere Kurse sind hocheffizient.<\/strong><\/p><p>Nach unseren Kursen f\u00e4llt Ihnen der Aufenthalt in St\u00e4dten wie bspw. <a title=\"London\" href=\"http:\/\/www.london.de\/\" target=\"_blank\" rel=\"noopener noreferrer\">London<\/a> nicht mehr schwer und Sie k\u00f6nnen problemlos in Englisch kommunizieren, verhandeln oder &#8218;Witze machen&#8216;.<\/p><p>Englisch gewinnt in der heutigen Zeit immer mehr an Bedeutung und Relevanz &#8211; sei es im Alltag oder Berufsleben.<\/p><p>Wenn man in realen Situationen merkt, dass man Schwierigkeiten hat, mit den Leuten zu kommunizieren, st\u00f6\u00dft man an seine Grenzen.<\/p><p>Z\u00f6gern Sie nicht und buchen Sie noch heute einen Englischkurs bei <em>AllboutEnglish<\/em>.\u00a0<\/p>\t\t\t\t\t\t\t\t<\/div>\n\t\t\t\t<\/div>\n\t\t\t\t\t<\/div>\n\t\t\t\t<\/div>\n\t\t<div class=\"elementor-element elementor-element-cdd7598 e-flex e-con-boxed e-con e-parent\" data-id=\"cdd7598\" data-element_type=\"container\" data-e-type=\"container\">\n\t\t\t\t\t<div class=\"e-con-inner\">\n\t\t\t\t<div class=\"elementor-element elementor-element-4c9d4e1 elementor-widget elementor-widget-heading\" data-id=\"4c9d4e1\" data-element_type=\"widget\" data-e-type=\"widget\" data-widget_type=\"heading.default\">\n\t\t\t\t<div class=\"elementor-widget-container\">\n\t\t\t\t\t<h2 class=\"elementor-heading-title elementor-size-default\"><font style=\"vertical-align: inherit\"><\/font><font style=\"vertical-align: inherit\"><font style=\"vertical-align: inherit\">Contact zu <i>AllboutEnglish<\/i> <\/font><\/font><\/h2>\t\t\t\t<\/div>\n\t\t\t\t<\/div>\n\t\t\t\t\t<\/div>\n\t\t\t\t<\/div>\n\t\t<div class=\"elementor-element elementor-element-c81a59c e-con-full e-flex e-con e-parent\" data-id=\"c81a59c\" data-element_type=\"container\" data-e-type=\"container\">\n\t\t\t\t<div class=\"elementor-element elementor-element-edc6fe4 elementor-widget elementor-widget-text-editor\" data-id=\"edc6fe4\" data-element_type=\"widget\" data-e-type=\"widget\" data-widget_type=\"text-editor.default\">\n\t\t\t\t<div class=\"elementor-widget-container\">\n\t\t\t\t\t\t\t\t\t<p>\u00a0<\/p>\n<p>Mobil: <a href=\"tel:+491734843437\">+49 (0) 173 \u2013 48 43 437<\/a><br \/>e-mail: <a href=\"https:\/\/allboutenglish.de\/kontakt\/\">info@allboutenglish.de<\/a><\/p>\t\t\t\t\t\t\t\t<\/div>\n\t\t\t\t<\/div>\n\t\t\t\t<div class=\"elementor-element elementor-element-e10dcf4 elementor-widget elementor-widget-image\" data-id=\"e10dcf4\" data-element_type=\"widget\" data-e-type=\"widget\" data-widget_type=\"image.default\">\n\t\t\t\t<div class=\"elementor-widget-container\">\n\t\t\t\t\t\t\t\t\t\t\t\t\t\t\t<img decoding=\"async\" width=\"150\" height=\"150\" src=\"https:\/\/allboutenglish.de\/wp-content\/uploads\/2024\/03\/IMG-20190825-WA0009-150x150.jpg\" class=\"attachment-thumbnail size-thumbnail wp-image-613\" alt=\"Will AI take language teachers&#039; jobs - Englischkurs Aachen-AllboutEnglish Aachen has photographed here a typical English pub\" \/>\t\t\t\t\t\t\t\t\t\t\t\t\t\t\t<\/div>\n\t\t\t\t<\/div>\n\t\t\t\t<\/div>\n\t\t<div class=\"elementor-element elementor-element-9833f71 e-flex e-con-boxed e-con e-parent\" data-id=\"9833f71\" data-element_type=\"container\" data-e-type=\"container\">\n\t\t\t\t\t<div class=\"e-con-inner\">\n\t\t\t\t<div class=\"elementor-element elementor-element-e51f5b0 elementor-widget elementor-widget-heading\" data-id=\"e51f5b0\" data-element_type=\"widget\" data-e-type=\"widget\" data-widget_type=\"heading.default\">\n\t\t\t\t<div class=\"elementor-widget-container\">\n\t\t\t\t\t<h4 class=\"elementor-heading-title elementor-size-default\">Englischkurs Aachen-AllboutEnglish Aachen<\/h4>\t\t\t\t<\/div>\n\t\t\t\t<\/div>\n\t\t\t\t\t<\/div>\n\t\t\t\t<\/div>\n\t\t<div class=\"elementor-element elementor-element-e658df5 e-flex e-con-boxed e-con e-parent\" data-id=\"e658df5\" data-element_type=\"container\" data-e-type=\"container\">\n\t\t\t\t\t<div class=\"e-con-inner\">\n\t\t\t\t<div class=\"elementor-element elementor-element-849e5e4 elementor-widget elementor-widget-text-editor\" data-id=\"849e5e4\" data-element_type=\"widget\" data-e-type=\"widget\" data-widget_type=\"text-editor.default\">\n\t\t\t\t<div class=\"elementor-widget-container\">\n\t\t\t\t\t\t\t\t\t<p style=\"text-align: center;\"><a href=\"https:\/\/allboutenglish.de\/kontakt\/\">Bitte sprechen Sie uns an!<\/a><\/p>\t\t\t\t\t\t\t\t<\/div>\n\t\t\t\t<\/div>\n\t\t\t\t\t<\/div>\n\t\t\t\t<\/div>\n\t\t\t\t<\/div>\n\t\t","protected":false},"excerpt":{"rendered":"<p>Englischkurs Aachen\u2013AllboutEnglish Aachen Englischkurs Aachen-AllboutEnglish Aachen Sie suchen einen Englischkurs in Aachen und Umgebung? Dann sind Sie bei AllboutEnglish genau richtig. Wir bieten Sprachkurse in Englisch f\u00fcr den t\u00e4glichen Gebrauch, Wirtschaftsenglisch (Business English), Englisch f\u00fcr die Wissenschaft, um nur einige Gebiete zu nennen. Anf\u00e4nger, Fortgeschrittene und Fachleute sind herzlich bei uns willkommen &#8211; sei es [&hellip;]<\/p>\n","protected":false},"author":1,"featured_media":0,"parent":0,"menu_order":12,"comment_status":"closed","ping_status":"closed","template":"","meta":{"footnotes":""},"class_list":["post-575","page","type-page","status-publish","hentry"],"_links":{"self":[{"href":"https:\/\/allboutenglish.de\/de_de_formal\/wp-json\/wp\/v2\/pages\/575","targetHints":{"allow":["GET"]}}],"collection":[{"href":"https:\/\/allboutenglish.de\/de_de_formal\/wp-json\/wp\/v2\/pages"}],"about":[{"href":"https:\/\/allboutenglish.de\/de_de_formal\/wp-json\/wp\/v2\/types\/page"}],"author":[{"embeddable":true,"href":"https:\/\/allboutenglish.de\/de_de_formal\/wp-json\/wp\/v2\/users\/1"}],"replies":[{"embeddable":true,"href":"https:\/\/allboutenglish.de\/de_de_formal\/wp-json\/wp\/v2\/comments?post=575"}],"version-history":[{"count":85,"href":"https:\/\/allboutenglish.de\/de_de_formal\/wp-json\/wp\/v2\/pages\/575\/revisions"}],"predecessor-version":[{"id":1739,"href":"https:\/\/allboutenglish.de\/de_de_formal\/wp-json\/wp\/v2\/pages\/575\/revisions\/1739"}],"wp:attachment":[{"href":"https:\/\/allboutenglish.de\/de_de_formal\/wp-json\/wp\/v2\/media?parent=575"}],"curies":[{"name":"wp","href":"https:\/\/api.w.org\/{rel}","templated":true}]}}